{"id":17,"date":"2016-12-12T11:52:23","date_gmt":"2016-12-12T11:52:23","guid":{"rendered":"https:\/\/www.entropycs.eu\/?page_id=17"},"modified":"2016-12-12T11:52:23","modified_gmt":"2016-12-12T11:52:23","slug":"productos-y-servicios","status":"publish","type":"page","link":"https:\/\/www.entropycs.eu\/index.php\/productos-y-servicios\/","title":{"rendered":"Productos y servicios"},"content":{"rendered":"<p><b>Eliminamos la acumulaci\u00f3n de agua caliente:<\/b><\/p>\n<ul>\n<li style=\"font-weight: 400;\"><span style=\"font-weight: 400;\">Con Entropy ya no son necesarios los acumuladores de agua caliente. Con ello se elimina el sobrecoste de energ\u00eda necesario para mantenerlos a r\u00e9gimen 24h al d\u00eda, 365 d\u00edas al a\u00f1o.<\/span><\/li>\n<li style=\"font-weight: 400;\"><span style=\"font-weight: 400;\">Entropy proporciona agua caliente estable y sin riesgo de Legionella a cualquier hora, incluso en los picos de demanda m\u00e1s exigentes.<\/span><\/li>\n<\/ul>\n<p><b>Adecuamos la potencia a las condiciones de funcionamiento de cada momento:<\/b><\/p>\n<ul>\n<li style=\"font-weight: 400;\"><span style=\"font-weight: 400;\">Las calderas funcionan siempre en el punto de trabajo requerido en cada momento, as\u00ed la energ\u00eda entregada tiene el formato adecuado para la demanda a cubrir. Esta t\u00e9cnica consigue calentar mas r\u00e1pido, reduciendo el tiempo de funcionamiento para ahorrar combustible.<\/span><\/li>\n<\/ul>\n<p><b>Combinamos diferentes fuente de energ\u00eda:<\/b><\/p>\n<ul>\n<li style=\"font-weight: 400;\"><span style=\"font-weight: 400;\">Adem\u00e1s de reducir el consumo de la demanda, puede utilizar otras fuentes de energ\u00eda m\u00e1s econ\u00f3micas, con prioridad de uso en funci\u00f3n de la disponibilidad y precio de cada una.<\/span><\/li>\n<li style=\"font-weight: 400;\"><span style=\"font-weight: 400;\">Por ejemplo: Combinaci\u00f3n de la caldera de gas\/ gasoil existente con una caldera de biomasa, bomba de calor y paneles solares.<\/span><\/li>\n<\/ul>\n<p><b>Preservamos la calidad de los equipos:<\/b><\/p>\n<ul>\n<li style=\"font-weight: 400;\"><span style=\"font-weight: 400;\">El dise\u00f1o de Entropy est\u00e1 concebido con criterios de retro compatibilidad y sostenibilidad a largo plazo, manteniendo su nivel de eficiencia durante toda la vida \u00fatil.<\/span><\/li>\n<li style=\"font-weight: 400;\"><span style=\"font-weight: 400;\">Equipos con una vida \u00fatil superior a 20 a\u00f1os.<\/span><\/li>\n<\/ul>\n<p>&nbsp;<\/p>\n","protected":false},"excerpt":{"rendered":"<p>Eliminamos la acumulaci\u00f3n de agua caliente: Con Entropy ya no son necesarios los acumuladores de agua caliente. Con ello se elimina el sobrecoste de energ\u00eda necesario para mantenerlos a r\u00e9gimen [&hellip;]<\/p>\n","protected":false},"author":1,"featured_media":0,"parent":0,"menu_order":0,"comment_status":"closed","ping_status":"closed","template":"","meta":[],"yoast_head":"<!-- This site is optimized with the Yoast SEO plugin v18.0 - https:\/\/yoast.com\/wordpress\/plugins\/seo\/ -->\n<meta name=\"robots\" content=\"index, follow, max-snippet:-1, max-image-preview:large, max-video-preview:-1\" \/>\n<link rel=\"canonical\" href=\"https:\/\/www.entropycs.eu\/index.php\/productos-y-servicios\/\" \/>\n<meta property=\"og:locale\" content=\"es_ES\" \/>\n<meta property=\"og:type\" content=\"article\" \/>\n<meta property=\"og:title\" content=\"Productos y servicios - Entropy Care Systems\" \/>\n<meta property=\"og:description\" content=\"Eliminamos la acumulaci\u00f3n de agua caliente: Con Entropy ya no son necesarios los acumuladores de agua caliente. Con ello se elimina el sobrecoste de energ\u00eda necesario para mantenerlos a r\u00e9gimen [&hellip;]\" \/>\n<meta property=\"og:url\" content=\"https:\/\/www.entropycs.eu\/index.php\/productos-y-servicios\/\" \/>\n<meta property=\"og:site_name\" content=\"Entropy Care Systems\" \/>\n<meta name=\"twitter:card\" content=\"summary_large_image\" \/>\n<meta name=\"twitter:label1\" content=\"Tiempo de lectura\" \/>\n\t<meta name=\"twitter:data1\" content=\"1 minuto\" \/>\n<script type=\"application\/ld+json\" class=\"yoast-schema-graph\">{\"@context\":\"https:\/\/schema.org\",\"@graph\":[{\"@type\":\"WebSite\",\"@id\":\"https:\/\/www.entropycs.eu\/#website\",\"url\":\"https:\/\/www.entropycs.eu\/\",\"name\":\"Entropy Care Systems\",\"description\":\"Climatizaci\u00f3n eficiente\",\"potentialAction\":[{\"@type\":\"SearchAction\",\"target\":{\"@type\":\"EntryPoint\",\"urlTemplate\":\"https:\/\/www.entropycs.eu\/?s={search_term_string}\"},\"query-input\":\"required name=search_term_string\"}],\"inLanguage\":\"es\"},{\"@type\":\"WebPage\",\"@id\":\"https:\/\/www.entropycs.eu\/index.php\/productos-y-servicios\/#webpage\",\"url\":\"https:\/\/www.entropycs.eu\/index.php\/productos-y-servicios\/\",\"name\":\"Productos y servicios - Entropy Care Systems\",\"isPartOf\":{\"@id\":\"https:\/\/www.entropycs.eu\/#website\"},\"datePublished\":\"2016-12-12T11:52:23+00:00\",\"dateModified\":\"2016-12-12T11:52:23+00:00\",\"breadcrumb\":{\"@id\":\"https:\/\/www.entropycs.eu\/index.php\/productos-y-servicios\/#breadcrumb\"},\"inLanguage\":\"es\",\"potentialAction\":[{\"@type\":\"ReadAction\",\"target\":[\"https:\/\/www.entropycs.eu\/index.php\/productos-y-servicios\/\"]}]},{\"@type\":\"BreadcrumbList\",\"@id\":\"https:\/\/www.entropycs.eu\/index.php\/productos-y-servicios\/#breadcrumb\",\"itemListElement\":[{\"@type\":\"ListItem\",\"position\":1,\"name\":\"Portada\",\"item\":\"https:\/\/www.entropycs.eu\/\"},{\"@type\":\"ListItem\",\"position\":2,\"name\":\"Productos y servicios\"}]}]}<\/script>\n<!-- \/ Yoast SEO plugin. -->","yoast_head_json":{"robots":{"index":"index","follow":"follow","max-snippet":"max-snippet:-1","max-image-preview":"max-image-preview:large","max-video-preview":"max-video-preview:-1"},"canonical":"https:\/\/www.entropycs.eu\/index.php\/productos-y-servicios\/","og_locale":"es_ES","og_type":"article","og_title":"Productos y servicios - Entropy Care Systems","og_description":"Eliminamos la acumulaci\u00f3n de agua caliente: Con Entropy ya no son necesarios los acumuladores de agua caliente. Con ello se elimina el sobrecoste de energ\u00eda necesario para mantenerlos a r\u00e9gimen [&hellip;]","og_url":"https:\/\/www.entropycs.eu\/index.php\/productos-y-servicios\/","og_site_name":"Entropy Care Systems","twitter_card":"summary_large_image","twitter_misc":{"Tiempo de lectura":"1 minuto"},"schema":{"@context":"https:\/\/schema.org","@graph":[{"@type":"WebSite","@id":"https:\/\/www.entropycs.eu\/#website","url":"https:\/\/www.entropycs.eu\/","name":"Entropy Care Systems","description":"Climatizaci\u00f3n eficiente","potentialAction":[{"@type":"SearchAction","target":{"@type":"EntryPoint","urlTemplate":"https:\/\/www.entropycs.eu\/?s={search_term_string}"},"query-input":"required name=search_term_string"}],"inLanguage":"es"},{"@type":"WebPage","@id":"https:\/\/www.entropycs.eu\/index.php\/productos-y-servicios\/#webpage","url":"https:\/\/www.entropycs.eu\/index.php\/productos-y-servicios\/","name":"Productos y servicios - Entropy Care Systems","isPartOf":{"@id":"https:\/\/www.entropycs.eu\/#website"},"datePublished":"2016-12-12T11:52:23+00:00","dateModified":"2016-12-12T11:52:23+00:00","breadcrumb":{"@id":"https:\/\/www.entropycs.eu\/index.php\/productos-y-servicios\/#breadcrumb"},"inLanguage":"es","potentialAction":[{"@type":"ReadAction","target":["https:\/\/www.entropycs.eu\/index.php\/productos-y-servicios\/"]}]},{"@type":"BreadcrumbList","@id":"https:\/\/www.entropycs.eu\/index.php\/productos-y-servicios\/#breadcrumb","itemListElement":[{"@type":"ListItem","position":1,"name":"Portada","item":"https:\/\/www.entropycs.eu\/"},{"@type":"ListItem","position":2,"name":"Productos y servicios"}]}]}},"_links":{"self":[{"href":"https:\/\/www.entropycs.eu\/index.php\/wp-json\/wp\/v2\/pages\/17"}],"collection":[{"href":"https:\/\/www.entropycs.eu\/index.php\/wp-json\/wp\/v2\/pages"}],"about":[{"href":"https:\/\/www.entropycs.eu\/index.php\/wp-json\/wp\/v2\/types\/page"}],"author":[{"embeddable":true,"href":"https:\/\/www.entropycs.eu\/index.php\/wp-json\/wp\/v2\/users\/1"}],"replies":[{"embeddable":true,"href":"https:\/\/www.entropycs.eu\/index.php\/wp-json\/wp\/v2\/comments?post=17"}],"version-history":[{"count":1,"href":"https:\/\/www.entropycs.eu\/index.php\/wp-json\/wp\/v2\/pages\/17\/revisions"}],"predecessor-version":[{"id":18,"href":"https:\/\/www.entropycs.eu\/index.php\/wp-json\/wp\/v2\/pages\/17\/revisions\/18"}],"wp:attachment":[{"href":"https:\/\/www.entropycs.eu\/index.php\/wp-json\/wp\/v2\/media?parent=17"}],"curies":[{"name":"wp","href":"https:\/\/api.w.org\/{rel}","templated":true}]}}